{"id":39,"date":"2021-11-18T15:53:07","date_gmt":"2021-11-18T14:53:07","guid":{"rendered":"https:\/\/fytevent.fr\/blog\/?page_id=39"},"modified":"2021-11-18T19:56:49","modified_gmt":"2021-11-18T18:56:49","slug":"lapplication-fytevent","status":"publish","type":"page","link":"https:\/\/fytevent.fr\/blog\/lapplication-fytevent\/","title":{"rendered":"L&rsquo;application FYTEvent"},"content":{"rendered":"\n<p>Comme vous avez pu, la carte permettant de localiser les \u00e9v\u00e9nements et box \u00e0 partir d&rsquo;une adresse ne fonctionne plus depuis quelques temps.<\/p>\n\n\n\n<p>Ce dysfonctionnement est caus\u00e9 par un d\u00e9passement des quotas de g\u00e9olocalisation offerts par Google. Un choix financier devait \u00eatre fait et devant l&rsquo;absence de financement de <strong>FYTEvent <\/strong>actuellement, j&rsquo;ai d\u00e9cid\u00e9 de supprimer cette fonctionnalit\u00e9 du site.<\/p>\n\n\n\n<p>Rassurez-vous, il est possible de vous rabattre sur l&rsquo;application afin de b\u00e9n\u00e9ficier de son syst\u00e8me de g\u00e9olocalisation perfectionn\u00e9. Celle-ci est disponible sur Android et iOS en recherchant <strong>FYTEVENT <\/strong>ou en utilisant le lien suivant (si vous visualisez le site \u00e0 partir de votre smartphone : <a rel=\"noreferrer noopener\" href=\"https:\/\/app.fytevent.fr\" target=\"_blank\">https:\/\/app.fytevent.fr<\/a>).<\/p>\n\n\n\n<div class=\"wp-block-image\"><figure class=\"aligncenter size-full\"><img decoding=\"async\" loading=\"lazy\" width=\"360\" height=\"640\" src=\"https:\/\/fytevent.fr\/blog\/wp-content\/uploads\/2021\/11\/fyt_app2.jpg\" alt=\"\" class=\"wp-image-40\" srcset=\"https:\/\/fytevent.fr\/blog\/wp-content\/uploads\/2021\/11\/fyt_app2.jpg 360w, https:\/\/fytevent.fr\/blog\/wp-content\/uploads\/2021\/11\/fyt_app2-169x300.jpg 169w\" sizes=\"(max-width: 360px) 100vw, 360px\" \/><\/figure><\/div>\n\n\n\n<p>Si la fonctionnalit\u00e9 de recherche \u00e0 partir du site est vraiment n\u00e9cessaire pour vous, n&rsquo;h\u00e9sitez pas \u00e0 me contacter directement afin de trouver ensemble une solution qui vous convienne.<\/p>\n\n\n\n<div class=\"wp-block-image\"><figure class=\"aligncenter size-full is-resized\"><a href=\"https:\/\/fytevent.fr\/blog\/contactez-nous\/\"><img decoding=\"async\" loading=\"lazy\" src=\"https:\/\/fytevent.fr\/blog\/wp-content\/uploads\/2021\/11\/contact.jpg\" alt=\"\" class=\"wp-image-41\" width=\"109\" height=\"108\" srcset=\"https:\/\/fytevent.fr\/blog\/wp-content\/uploads\/2021\/11\/contact.jpg 225w, https:\/\/fytevent.fr\/blog\/wp-content\/uploads\/2021\/11\/contact-150x150.jpg 150w\" sizes=\"(max-width: 109px) 100vw, 109px\" \/><\/a><\/figure><\/div>\n","protected":false},"excerpt":{"rendered":"<p>Comme vous avez pu, la carte permettant de localiser les \u00e9v\u00e9nements et box \u00e0 partir d&rsquo;une adresse ne fonctionne plus&hellip;<\/p>\n","protected":false},"author":1,"featured_media":0,"parent":0,"menu_order":0,"comment_status":"closed","ping_status":"closed","template":"","meta":[],"_links":{"self":[{"href":"https:\/\/fytevent.fr\/blog\/wp-json\/wp\/v2\/pages\/39"}],"collection":[{"href":"https:\/\/fytevent.fr\/blog\/wp-json\/wp\/v2\/pages"}],"about":[{"href":"https:\/\/fytevent.fr\/blog\/wp-json\/wp\/v2\/types\/page"}],"author":[{"embeddable":true,"href":"https:\/\/fytevent.fr\/blog\/wp-json\/wp\/v2\/users\/1"}],"replies":[{"embeddable":true,"href":"https:\/\/fytevent.fr\/blog\/wp-json\/wp\/v2\/comments?post=39"}],"version-history":[{"count":2,"href":"https:\/\/fytevent.fr\/blog\/wp-json\/wp\/v2\/pages\/39\/revisions"}],"predecessor-version":[{"id":84,"href":"https:\/\/fytevent.fr\/blog\/wp-json\/wp\/v2\/pages\/39\/revisions\/84"}],"wp:attachment":[{"href":"https:\/\/fytevent.fr\/blog\/wp-json\/wp\/v2\/media?parent=39"}],"curies":[{"name":"wp","href":"https:\/\/api.w.org\/{rel}","templated":true}]}}